base 6) to base 9.
-22238
-1589 (base 14) to base 12
-2285
What is -69a (base 11) in base 12?
-597
15800 (base 10) to base 12
9188
Convert 174cc (base 15) to base 7.
432441
What is 3213432 (base 5) in base 6?
1055042
-a20 (base 11) to base 2
-10011010000
What is -1322 (base 4) in base 11?
-101
Convert 2a0 (base 11) to base 12.
254
What is 30210100 (base 4) in base 7?
303031
What is 973 (base 16) in base 14?
c4b
What is -102011 (base 4) in base 7?
-3242
Convert 1139 (base 11) to base 4.
113112
What is -426 (base 8) in base 2?
-100010110
Convert 890 (base 11) to base 12.
74b
What is 11001010010 (base 2) in base 3?
2012221
Convert -556 (base 9) to base 11.
-385
Convert -1131314 (base 5) to base 7.
-114512
What is -202202102 (base 3) in base 8?
-35433
Convert 44db (base 14) to base 3.
121101201
Convert 5113 (base 6) to base 4.
101211
What is -2b6 (base 16) in base 13?
-415
What is -110011110111111 (base 2) in base 5?
-1322214
-3302 (base 10) to base 15
-ea2
What is -304253 (base 6) in base 8?
-57351
What is 321303 (base 4) in base 13?
18b7
Convert 626 (base 15) to base 14.
710
Convert -2212 (base 4) to base 13.
-ca
What is -105b (base 14) in base 6?
-21025
Convert -1479 (base 10) to base 9.
-2023
Convert -23330 (base 4) to base 14.
-3c8
What is 255210 (base 8) in base 6?
1522412
Convert 1122022222 (base 3) to base 9.
48288
-da64 (base 16) to base 15
-11873
10010010101 (base 2) to base 8
2225
Convert -2566 (base 8) to base 10.
-1398
Convert -1011 (base 2) to base 9.
-12
Convert -253b (base 12) to base 7.
-15212
What is 15356 (base 7) in base 3?
12220102
-22203031 (base 4) to base 13
-16891
Convert aa67 (base 11) to base 14.
5465
Convert 105 (base 8) to base 10.
69
Convert -11401 (base 5) to base 4.
-31103
Convert -4c1c (base 14) to base 3.
-200022121
Convert 722 (base 15) to base 2.
11001000111
What is -28713 (base 9) in base 8?
-46115
-3568 (base 10) to base 16
-df0
What is 463 (base 15) in base 14?
50d
-55589 (base 10) to base 2
-1101100100100101
-111111011101 (base 2) to base 5
-112221
Convert -3f9e (base 16) to base 2.
-11111110011110
Convert 1a19 (base 14) to base 2.
1001001110111
Convert 112100010 (base 3) to base 11.
7942
What is -101000111000000 (base 2) in base 9?
-31633
Convert -1001012 (base 3) to base 9.
-1035
What is -2d2 (base 15) in base 16?
-287
What is 4105 (base 6) in base 12?
635
Convert 1221222210 (base 3) to base 6.
454503
-57 (base 8) to base 15
-32
What is 39244 (base 10) in base 13?
14b2a
Convert -19a6 (base 14) to base 3.
-20101101
What is 45a6 (base 13) in base 2?
10011000101001
Convert 46187 (base 9) to base 3.
1120012221
Convert 20411 (base 9) to base 13.
6181
Convert 4243133 (base 5) to base 10.
71668
3321022 (base 4) to base 13
7348
What is 36709 (base 10) in base 15?
ad24
-2350 (base 6) to base 2
-1000111010
ab66 (base 12) to base 10
18942
-298 (base 13) to base 14
-251
What is -2427 (base 16) in base 5?
-244010
Convert -2317 (base 12) to base 16.
-f43
-2021 (base 4) to base 9
-162
Convert 866a (base 11) to base 4.
2302322
1110011110100 (base 2) to base 4
1303310
Convert 1860 (base 9) to base 5.
21211
34e3 (base 16) to base 7
54321
What is -291 (base 16) in base 4?
-22101
What is -13035 (base 7) in base 4?
-312000
What is -20202 (base 4) in base 13?
-330
Convert 65d5 (base 16) to base 4.
12113111
What is 1210 (base 4) in base 3?
10201
-351 (base 9) to base 10
-289
What is -89c (base 13) in base 5?
-21411
2617 (base 11) to base 5
102111
What is 13012232 (base 4) in base 13?
10328
-980 (base 13) to base 7
-4511
What is 3101 (base 5) in base 11?
335
What is -7197 (base 10) in base 15?
-21ec
What is -e5 (base 15) in base 4?
-3113
What is -12001 (base 4) in base 5?
-3020
ba2 (base 15) to base 14
d59
What is -12023 (base 4) in base 16?
-18b
Convert -13132 (base 4) to base 16.
-1de
What is -1203 (base 6) in base 4?
-10203
What is -3236 (base 8) in base 15?
-77e
Convert 25e3 (base 15) to base 7.
32403
43b9 (base 16) to base 5
1023322
Convert 2116 (base 8) to base 12.
77a
What is -510224 (base 6) in base 16?
-9d48
Convert 38086 (base 9) to base 4.
12033321
2420 (base 7) to base 6
4052
Convert -1100331 (base 4) to base 9.
-7086
Convert -121200 (base 3) to base 9.
-550
What is -145 (base 6) in base 15?
-45
Convert 1a804 (base 12) to base 13.
14aa3
What is -9080 (base 14) in base 4?
-12003220
Convert 12101 (base 4) to base 2.
110010001
What is -113632 (base 8) in base 2?
-1001011110011010
What is 1001011011111 (base 2) in base 4?
1023133
What is -107 (base 12) in base 16?
-97
Convert 416 (base 11) to base 7.
1314
Convert 22220 (base 3) to base 4.
3300
3401 (base 5) to base 3
122122
Convert -11311 (base 4) to base 5.
-2443
-2211 (base 4) to base 7
-324
What is 142 (base 11) in base 14?
bd
What is 1675 (base 9) in base 7?
3512
-b039 (base 15) to base 3
-1220000000
-10311 (base 5) to base 11
-592
What is 14a8 (base 12) in base 3?
10100002
Convert -1013302 (base 4) to base 13.
-2125
Convert -2200233 (base 5) to base 3.
-1220112102
Convert 1444 (base 5) to base 11.
207
7361 (base 10) to base 2
1110011000001
-2222200 (base 3) to base 16
-882
Convert 1334303 (base 5) to base 6.
331033
-c26b (base 14) to base 2
-1000001010000111
Convert 3565 (base 11) to base 2.
1001000111101
Convert -113 (base 15) to base 2.
-11110011
Convert 22313213 (base 4) to base 3.
2021001212
Convert 263 (base 7) to base 8.
217
-5763 (base 9) to base 3
-12212010
What is -144311 (base 5) in base 6?
-44422
Convert e3a (base 16) to base 12.
2136
-7b7b (base 13) to base 16
-43bc
-3432341 (base 5) to base 2
-1111000010011100
Convert -111101001100 (base 2) to base 13.
-1a23
What is 2a95 (base 11) in base 14?
1640
Convert -3311203 (base 4) to base 5.
-1000330
What is -421012 (base 7) in base 11?
-4a422
What is -243 (base 8) in base 16?
-a3
What is 217b (base 12) in base 2?
111001101111
What is 5387 (base 16) in base 8?
51607
-e776 (base 16) to base 9
-100247
30232 (base 4) to base 15
394
-312033 (base 4) to base 14
-139d
What is 247 (base 15) in base 12?
371
What is 33 (base 5) in base 10?
18
What is -53617 (base 9) in base 15?
-a7b4
What is -11011000101 (base 2) in base 6?
-12005
Convert -1000200 (base 3) to base 15.
-34c
1111011101101 (base 2) to base 12
46b9
What is 210535 (base 6) in base 7?
100466
What is -ac3 (base 13) in base 5?
-24344
-3100 (base 9) to base 15
-a13
What is -200121002 (base 3) in base 2?
-11010011110100
Convert -89 (base 14) to base 16.
-79
What is 147022 (base 8) in base 15?
1096e
Convert -1686 (base 16) to base 12.
-3406
Convert -110320 (base 4) to base 13.
-7ba
Convert -2003101 (base 4) to base 14.
-30c1
110001 (base 2) to base 5
144
535 (base 10) to base 7
1363
What is 1442 (base 6) in base 14?
1d8
9066 (base 16) to base 5
2140331
Convert 102111112 (base 3) to base 13.
3a7c
-467 (base 14) to base 6
-4015
What is 4508 (base 12) in base 13?
3629
10b (base 14) to base 12
153
Convert 1302033 (base 4) to base 10.
7311
Convert 2504 (base 9) to base 13.
b08
Convert -21064 (base 7) to base 16.
-1447
a740 (base 16) to base 14
11864
What is -54 (base 9) in base 16?
-31
What is 13461 (base 8) in base 12?
3529
Convert 583a (base 12) to base 15.
2dad
What is 14d5 (base 16) in base 9?
7275
-201770 (base 8) to base 11
-46002
What is 409 (base 10) in base 3?
120011
What is -33505 (base 6) in base 7?
-16523
-110111101010 (base 2) to base 4
-313222
1083 (base 16) to base 11
31a3
-1f9 (base 16) to base 11
-41a
What is -5d0d (base 16) in base 15?
-70d1
Convert 10b4 (base 14) to base 12.
181a
What is -32330 (base 9) in base 7?
-116265
1073a (base 11) to base 3
210022020
-436 (base 10) to base 7
-1162
What is 13106 (base 8) in base 15?
1a52
1262 (base 10) to base 16
4ee
Convert -716 (base 8) to base 10.
-462
What is -db85 (base 15) in base 10?
-46475
Convert -656 (base 9) to base 16.
-219
What is -129 (base 10) in base 15?
-89
What is -5419 (base 15) in base 5?
-1032144
10250 (base 6) to base 4
111312
Convert -444 (base 5) to base 15.
-84
What is -18612 (base 10) in base 9?
-27470
Convert 7602 (base 8) to base 4.
332002
Convert -24030 (base 5) to base 4.
-123211
What is 13112 (base 5) in base 10?
1032
Convert -830a (base 15) to base 8.
-66045
What is -e32 (base 16) in base 4?
-320302
What is 255 (base 11) in base 9?
365
Convert 13 (base 13) to base 15.
11
What